when 367 is divided by 38.
25
Calculate the remainder when 900 is divided by 11.
9
What is the remainder when 293 is divided by 27?
23
What is the remainder when 164 is divided by 83?
81
Calculate the remainder when 42495 is divided by 332.
331
What is the remainder when 155 is divided by 53?
49
What is the remainder when 1057 is divided by 259?
21
What is the remainder when 224 is divided by 82?
60
What is the remainder when 242 is divided by 35?
32
Calculate the remainder when 367 is divided by 84.
31
Calculate the remainder when 1142 is divided by 144.
134
Calculate the remainder when 1705 is divided by 83.
45
Calculate the remainder when 333 is divided by 84.
81
What is the remainder when 210 is divided by 21?
0
Calculate the remainder when 218 is divided by 22.
20
What is the remainder when 194 is divided by 61?
11
Calculate the remainder when 1149 is divided by 382.
3
Calculate the remainder when 68 is divided by 7.
5
Calculate the remainder when 123 is divided by 10.
3
Calculate the remainder when 398 is divided by 85.
58
Calculate the remainder when 146 is divided by 10.
6
What is the remainder when 1733 is divided by 34?
33
Calculate the remainder when 2602 is divided by 118.
6
What is the remainder when 20 is divided by 6?
2
What is the remainder when 109 is divided by 38?
33
Calculate the remainder when 18 is divided by 17.
1
What is the remainder when 102 is divided by 36?
30
What is the remainder when 1022 is divided by 16?
14
What is the remainder when 26 is divided by 26?
0
What is the remainder when 9864 is divided by 11?
8
Calculate the remainder when 9272 is divided by 53.
50
Calculate the remainder when 1254 is divided by 609.
36
Calculate the remainder when 276 is divided by 53.
11
Calculate the remainder when 371 is divided by 116.
23
Calculate the remainder when 8307 is divided by 30.
27
Calculate the remainder when 160 is divided by 30.
10
What is the remainder when 421 is divided by 58?
15
Calculate the remainder when 1077 is divided by 14.
13
What is the remainder when 292 is divided by 27?
22
Calculate the remainder when 2800 is divided by 23.
17
What is the remainder when 2469 is divided by 10?
9
What is the remainder when 107 is divided by 98?
9
Calculate the remainder when 467 is divided by 227.
13
Calculate the remainder when 65 is divided by 15.
5
What is the remainder when 104 is divided by 47?
10
What is the remainder when 2046 is divided by 74?
48
Calculate the remainder when 1212 is divided by 84.
36
Calculate the remainder when 2573 is divided by 854.
11
Calculate the remainder when 32 is divided by 15.
2
What is the remainder when 219 is divided by 111?
108
Calculate the remainder when 839 is divided by 533.
306
Calculate the remainder when 828 is divided by 11.
3
What is the remainder when 2495 is divided by 24?
23
What is the remainder when 1129 is divided by 4?
1
What is the remainder when 221 is divided by 45?
41
Calculate the remainder when 921 is divided by 42.
39
What is the remainder when 9664 is divided by 18?
16
What is the remainder when 153 is divided by 12?
9
Calculate the remainder when 38303 is divided by 224.
223
Calculate the remainder when 102 is divided by 88.
14
What is the remainder when 279 is divided by 41?
33
What is the remainder when 18 is divided by 17?
1
What is the remainder when 858 is divided by 202?
50
Calculate the remainder when 153 is divided by 137.
16
What is the remainder when 247 is divided by 94?
59
Calculate the remainder when 244 is divided by 241.
3
What is the remainder when 100 is divided by 85?
15
Calculate the remainder when 1045 is divided by 8.
5
What is the remainder when 204 is divided by 6?
0
Calculate the remainder when 230 is divided by 119.
111
What is the remainder when 71 is divided by 24?
23
What is the remainder when 65 is divided by 15?
5
What is the remainder when 60 is divided by 33?
27
What is the remainder when 318 is divided by 47?
36
What is the remainder when 6 is divided by 6?
0
Calculate the remainder when 2854 is divided by 12.
10
What is the remainder when 7909 is divided by 344?
341
What is the remainder when 1389 is divided by 4?
1
What is the remainder when 314 is divided by 59?
19
What is the remainder when 464 is divided by 13?
9
Calculate the remainder when 297 is divided by 30.
27
What is the remainder when 1882 is divided by 134?
6
Calculate the remainder when 67 is divided by 47.
20
What is the remainder when 297 is divided by 280?
17
Calculate the remainder when 43 is divided by 23.
20
Calculate the remainder when 783 is divided by 49.
48
What is the remainder when 95 is divided by 91?
4
Calculate the remainder when 349 is divided by 34.
9
What is the remainder when 23371 is divided by 17?
13
Calculate the remainder when 8029 is divided by 8.
5
What is the remainder when 695 is divided by 22?
13
What is the remainder when 5650 is divided by 1129?
5
Calculate the remainder when 212 is divided by 23.
5
What is the remainder when 873 is divided by 12?
9
Calculate the remainder when 1041 is divided by 9.
6
What is the remainder when 241 is divided by 3?
1
What is the remainder when 879 is divided by 44?
43
Calculate the remainder when 2126 is divided by 425.
1
Calculate the remainder when 1127 is divided by 18.
11
Calculate the remainder when 637 is divided by 602.
35
Calculate the remainder when 5942 is divided by 41.
38
What is the remainder when 12282 is divided by 3067?
14
Calculate the remainder when 5661 is divided by 1414.
5
Calculate the remainder when 55 is divided by 38.
17
Calculate the remainder when 1065 is divided by 97.
95
What is the remainder when 48 is divided by 27?
21
What is the remainder when 753 is divided by 26?
25
What is the remainder when 41 is divided by 17?
7
Calculate the remainder when 358 is divided by 15.
13
Calculate the remainder when 2548 is divided by 115.
18
Calculate the remainder when 360 is divided by 70.
10
Calculate the remainder when 1049 is divided by 478.
93
What is the remainder when 8063 is divided by 48?
47
Calculate the remainder when 599 is divided by 30.
29
Calculate the remainder when 1147 is divided by 7.
6
What is the remainder when 131 is divided by 57?
17
Calculate the remainder when 4607 is divided by 1533.
8
What is the remainder when 7543 is divided by 41?
40
Calculate the remainder when 100 is divided by 93.
7
Calculate the remainder when 2982 is divided by 8.
6
What is the remainder when 26 is divided by 11?
4
What is the remainder when 19578 is divided by 178?
176
What is the remainder when 1679 is divided by 60?
59
What is the remainder when 988 is divided by 23?
22
What is the remainder when 184 is divided by 38?
32
What is the remainder when 199 is divided by 8?
7
What is the remainder when 229 is divided by 195?
34
Calculate the remainder when 149 is divided by 32.
21
Calculate the remainder when 1772 is divided by 120.
92
What is the remainder when 182 is divided by 8?
6
Calculate the remainder when 2027 is divided by 4.
3
Calculate the remainder when 29246 is divided by 25.
21
What is the remainder when 85 is divided by 22?
19
What is the remainder when 2757 is divided by 197?
196
What is the remainder when 114 is divided by 34?
12
Calculate the remainder when 1273 is divided by 218.
183
Calculate the remainder when 51 is divided by 29.
22
Calculate the remainder when 945 is divided by 95.
90
Calculate the remainder when 3300 is divided by 118.
114
What is the remainder when 626 is divided by 132?
98
What is the remainder when 190 is divided by 20?
10
What is the remainder when 212 is divided by 24?
20
What is the remainder when 190 is divided by 49?
43
Calculate the remainder when 1799 is divided by 45.
44
What is the remainder when 269 is divided by 17?
14
What is the remainder when 189 is divided by 24?
21
Calculate the remainder when 799 is divided by 32.
31
What is the remainder when 268 is divided by 249?
19
Calculate the remainder when 475 is divided by 124.
103
Calculate the remainder when 1293 is divided by 334.
291
Calculate the remainder when 2735 is divided by 16.
15
Calculate the remainder when 906 is divided by 898.
8
Calculate the remainder when 831 is divided by 27.
21
Calculate the remainder when 397 is divided by 101.
94
Calculate the remain